ppose -4*l = -2*l - h. List the prime factors of l.
2, 7
Let z(t) = 40*t**3 + 2*t - 2. Let r be z(1). Let l = r + -34. Suppose l = -y + 18. List the prime factors of y.
2, 3
Let l(h) = -220*h**2 + 4*h + 4. Let o be l(-2). Let s be o/(-39)*(-41 + -1)/(-2). Suppose s + 118 = 6*g. What are the prime factors of g?
3, 11
Suppose -4*m - 1695 = -o - 2*o, 0 = -3*o + 3. Suppose 0 = -7*a - 1237 - 100. Let h = a - m. What are the prime factors of h?
2, 29
Let c be 21/12 + -1 + 6186/8. Let f = 1412 - c. List the prime factors of f.
2, 11, 29
Let h(t) = 3*t**2 + 48*t - 12. Let s be h(-24). Let v = -322 + s. List the prime factors of v.
2, 11
What are the prime factors of ((-25748)/(-6))/((-260)/(-390))?
41, 157
Suppose -4*q + 140318 = 8*k - 3*k, 5*k + 2*q - 140314 = 0. What are the prime factors of k?
2, 3, 1559
Let y be 1*(-12)/16 + (-45)/(-12). Suppose 0 = 23*p - 24*p + y. Suppose 4*h - 1216 = 3*j, -p*j = -2*h + 791 - 177. List the prime factors of h.
7, 43
Suppose -5*a - 12*a + 3910 = 0. Let f = a - -75. What are the prime factors of f?
5, 61
What are the prime factors of (210/(-12))/(4/(-4008))?
3, 5, 7, 167
Let j = 27502 - 17987. List the prime factors of j.
5, 11, 173
Suppose 0 = 2*r - 77 - 205. Let n be (5 + 9)*(-210)/(-84). Suppose -r = -16*f + n. What are the prime factors of f?
11
Suppose -5*k = 20, -5*o + 2*k + 8 = -2*o. Suppose -30*m + 3525 + 6855 = o. What are the prime factors of m?
2, 173
Let z = 12571 - 4754. List the prime factors of z.
7817
Let r = 13530 + -8006. List the prime factors of r.
2, 1381
Suppose 0 = 5*i - k - 383, -5*i + 5*k = -3*i - 144. Suppose o - 277 = -t + i, 4*t - 2*o - 1440 = 0. What are the prime factors of t?
2, 179
Suppose -10*q = -6*q - 4116. Let l = -664 + q. What are the prime factors of l?
5, 73
Let k(q) = -7*q**3 - 10*q**3 + 15*q + 10*q**2 + 4 + 16*q**3. List the prime factors of k(11).
2, 3
Let l(q) = 188*q**2 - 4*q + 3. Let g be (-6)/27 + (10/9)/5. Suppose 2*v - 4*h + 6 = g, -v + 5*h - 5 = 4*v. List the prime factors of l(v).
11, 17
Let r(o) = o**3 - 19*o**2 + 34*o + 11. Let j be r(17). Suppose -z + j = 6, 1272 = b + 3*z. What are the prime factors of b?
3, 419
Suppose -5*d - 17 + 32 = 0, 13*d + 70949 = 2*r. List the prime factors of r.
2, 17747
Let i = 282 + 211. Let d = i - 241. What are the prime factors of d?
2, 3, 7
Suppose 317371 = 101*i - 2719800. What are the prime factors of i?
30071
Let l = 79027 - 38776. What are the prime factors of l?
3, 13417
Let h(s) = -s**2 - 14*s - 9. Let d be h(-13). Suppose -3*m + 436 = 4*l - 6*m, 2*m - 456 = -d*l. List the prime factors of l.
2, 7
Suppose -5656 = -19*g + 2210. Suppose 9*m - 3456 - g = 0. List the prime factors of m.
2, 5, 43
Let f = -32 + 60. Let c(r) = 2*r + 99. What are the prime factors of c(f)?
5, 31
Let o(u) = u**3 + 27*u**2 - 8*u - 17. What are the prime factors of o(-19)?
3023
Suppose 11*v + 1786 = -1272. Let y = 575 + v. List the prime factors of y.
3, 11
What are the prime factors of -3 - -7324 - (-9)/(-1)?
2, 457
What are the prime factors of 1030813/1199 - 3/(-11)?
2, 5, 43
Let b be (11 + -6 + -2)*1. Suppose b*j = -j - 5*h + 2797, -3*j + 2*h + 2115 = 0. What are the prime factors of j?
19, 37
What are the prime factors of 668895/117 - (-198)/(-3861)?
5717
Let q(i) be the first derivative of -i**3/3 - 9*i**2/2 - 3*i + 19. Let z be q(-6). Suppose -13*b - 140 = -z*b. What are the prime factors of b?
2, 5, 7
Suppose 0 = -87*u + 4644160 - 257011. What are the prime factors of u?
3, 13, 431
Suppose 0*g + 5*g = 0. Suppose -2 = -x - g*x. Suppose 0*v - 82 = -x*p - 4*v, 0 = -v. List the prime factors of p.
41
Let b be (1 - 12/20)*-10. Let j(z) = 0 + 4 + 3*z**2 + 4 - 2*z**3 + z + 0. List the prime factors of j(b).
2, 3, 5
Let x(f) = 21*f - 20. Suppose 4*u - 5*h = -8, h + 3*h = 16. Let c be 15/4*4/u. What are the prime factors of x(c)?
5, 17
Suppose 3*w = -4*i + 7928, 5*w - 10*i - 13260 = -5*i. Let g = w - 1808. What are the prime factors of g?
2, 3, 5, 7
Suppose 0 = -g + 2*u + 1014, 5*u + 1413 - 405 = g. Suppose 2601 = 7*m - g. What are the prime factors of m?
11, 47
Let k = 99 + -94. Let n be 1037/5 + (-2)/k. Let a = -93 + n. What are the prime factors of a?
2, 3, 19
Let p = 78 - 68. Suppose 8*d - p*d + 1410 = 0. List the prime factors of d.
3, 5, 47
What are the prime factors of 2067 + 20/(11 - 1)?
2069
List the prime factors of 2649080/154 - ((-60)/(-33))/(-10).
2, 3, 47, 61
Suppose -16*l + 98 - 18 = 0. Let b = l - 1. Let x(g) = 50*g - 7. What are the prime factors of x(b)?
193
Suppose x + 3*x - 2*h - 76 = 0, 3*x = -2*h + 50. Suppose -15 = x*w - 23*w. Suppose -4*o = f - 328, -2*f = -5*o + w*f + 385. What are the prime factors of o?
3
Let h(o) = 2*o**3 - 214*o**2 + 216*o + 1113. What are the prime factors of h(106)?
29, 53
Let p = 16 - 13. Suppose p*t + 43 = a - 0*a, 5*a = -t + 183. List the prime factors of a.
37
Let h(v) = -2049*v + 36. List the prime factors of h(-7).
3, 4793
Let g be (-4)/24 - (-86)/12. Suppose 0 = g*m + 8*m - 3150. What are the prime factors of m?
2, 3, 5, 7
Let i(a) = -77*a - 116. Suppose g - 25 = 5*c + 86, -5*g + 71 = -3*c. List the prime factors of i(c).
2, 3, 263
Suppose -31*a + 6*a = -47000. Suppose -24*y + 16*y = -a. What are the prime factors of y?
5, 47
Suppose u + 2*u = -u. Suppose h = z - 4*z + 118, 3*h + z - 338 = u. What are the prime factors of h?
2, 7
Suppose 0 = 3*q - 4*q - 5*d + 8318, -2*q = -3*d - 16610. List the prime factors of q.
2, 31, 67
What are the prime factors of (-178080)/800*230/(-6)?
7, 23, 53
Let s(z) = -z**2 + 8*z + 4. Suppose 4*h - 84 = 4*i, 3*i + i + 84 = 2*h. Let m be (-6)/i + 141/21. What are the prime factors of s(m)?
11
Suppose 0 = 5*y + 3*p - 21835 - 9791, -2*y + 5*p = -12669. What are the prime factors of y?
3, 19, 37
Let u(l) = -35*l - 1348. What are the prime factors of u(-75)?
1277
Let o be -1*(-2 + 0 + 0). Suppose -7 = b + 5*s - 2*s, -18 = 2*b + o*s. List the prime factors of -8*(-17 - b - (-4)/(-1)).
2, 11
Let r = -33 - -77. Let i = r - 32. Suppose -i*m - 852 + 4176 = 0. List the prime factors of m.
277
Let x(n) = 8518*n**2 - 287*n + 846. What are the prime factors of x(3)?
3, 29, 881
Let x be 0 + (-1842)/(-10) - 136/(-170). Suppose -x*t = -180*t - 940. What are the prime factors of t?
2, 47
What are the prime factors of (-12)/(-174) + 2512706/406?
3, 2063
Let i be ((8 - 13) + 5 - (-9)/(-3)) + 5. Let u be (0 - 12)*(-1)/2. List the prime factors of 24/9*(183/u - i).
2, 19
Let h be (-10)/2 + (1 - (2 + -1214)). Suppose -16*p + 5784 = -h. What are the prime factors of p?
19, 23
Suppose -3*p - 15351 = -2*t - 61168, 45802 = 3*p + t. What are the prime factors of p?
15269
Suppose -3*i - 21669 = -5*k, -21*i + 26*i = -k + 4345. What are the prime factors of k?
3, 5, 17
Suppose 2*x + 3*i - 12630 - 9451 = 0, i - 5 = 0. What are the prime factors of x?
11, 17, 59
Suppose 171 + 53 = -8*p. Let y = p - -24. What are the prime factors of -8*(-581)/42 + y/6?
2, 5, 11
Let l be (-30)/(-8) + -3 - 27/(-12). Suppose 13 = -a - 4*u + 32, 0 = -l*a - 3*u + 21. Suppose a*b + 3*f = 609, 0 = 6*f - 2*f - 20. List the prime factors of b.
2, 3, 11
Suppose 4*b + 2*m - 42876 = 0, -4*b + 2*m + 31472 + 11420 = 0. List the prime factors of b.
71, 151
Let h = -2880 - -4097. What are the prime factors of h?
1217
Let k(z) be the third derivative of -z**6/120 - z**5/3 - z**4/6 + 29*z**3/2 - 78*z**2. List the prime factors of k(-20).
167
Suppose 18*h = 50*h - 69344. Let q = 3119 - h. List the prime factors of q.
2, 7, 17
Let j be (2/7)/1 + 3356/14. Let x be -7*1*(j/14)/(-2). Let v = 230 - x. List the prime factors of v.
2, 5, 17
Suppose -4*p - 313 - 123 = 2*s, s - 106 = p. Let f = -109 - p. What are the prime factors of f/(-5) + 942/15?
3, 7
Suppose 0 = -4*d + 38 + 130. Let a be (2 + 65/10)*-4. Let x = a + d. List the prime factors of x.
2
Let z = -178 - -192. What are the prime factors of ((-1379)/z + 3)*-4?
2, 191
Let s = 67 - 59. Suppose -s*m + 5*m + 246 = 0. Let u = 152 - m. What are the prime factors of u?
2, 5, 7
Suppose -43399 - 45919 = -5*k - 3*u, 0 = 2*k - 4*u - 35748. List the prime factors of k.
2, 8933
Let b(t) = 15*t**2 - 156*t - 31. What are the prime factors of b(11)?
2, 17
Suppose -60 = 2*x - 7*x + m, 0 = -x + 3*m + 12. Suppose 3*u + x = -36. Let l = u + 47. List the prime factors of l.
31
Suppose -46*i + 40798